
Is 4084 a factor of 470674610?
False
Is 2121708498 a multiple of 611?
True
Does 3097 divide 41499800?
True
Is 96846570 a multiple of 6?
True
Does 697 divide 343485782?
True
Does 37 divide 215964856?
True
Is 174216238 a multiple of 119?
True
Is 33877152 a multiple of 76?
True
Does 609 divide 564772175?
False
Is 59 a factor of 1697534548?
True
Is 292659003 a multiple of 13?
True
Is 1653 a factor of 3478441114?
False
Is 1449860154 a multiple of 6278?
True
Is 349148761 a multiple of 481?
True
Is 3022716 a multiple of 433?
False
Does 32 divide 46702336?
True
Is 723899279 a multiple of 106?
False
Does 186 divide 416812449?
False
Does 3733 divide 317532713?
True
Is 3862 a factor of 74666613?
False
Is 267 a factor of 1650714150?
True
Is 19693469 a multiple of 25?
False
Does 162 divide 64710198?
False
Is 89705509 a multiple of 200?
False
Does 44 divide 40120520?
True
Is 297813 a multiple of 2683?
True
Is 624946 a multiple of 49?
True
Is 174388398 a multiple of 2181?
True
Is 53937867 a multiple of 10?
False
Is 450485372 a multiple of 212?
True
Is 19218183 a multiple of 576?
False
Does 10 divide 364842717?
False
Is 12018699 a multiple of 122?
False
Is 703347975 a multiple of 33?
True
Is 43 a factor of 37963223?
False
Is 1878770891 a multiple of 1132?
False
Is 522950352 a multiple of 16?
True
Is 136 a factor of 6485840?
True
Is 46 a factor of 277206350?
True
Is 1419 a factor of 372103915?
False
Does 4 divide 23025024?
True
Does 1290 divide 1988088660?
True
Does 274 divide 44579526?
True
Is 6026 a factor of 894553674?
True
Does 27 divide 57488748?
False
Is 25 a factor of 471114775?
True
Does 9157 divide 2177125067?
False
Does 38 divide 212310218?
True
Does 262 divide 896131962?
True
Is 301 a factor of 63191037?
True
Is 123 a factor of 1845543601?
False
Is 92 a factor of 709520615?
False
Does 380 divide 258790260?
True
Does 272 divide 2002948704?
True
Does 14 divide 91124922?
True
Does 18 divide 2011592808?
True
Does 3042 divide 7580664?
True
Does 25 divide 90001047?
False
Is 166 a factor of 54297770?
True
Is 3894 a factor of 198617364?
True
Is 116962560 a multiple of 572?
True
Is 165 a factor of 3456420?
True
Is 39 a factor of 292291695?
False
Is 336201292 a multiple of 406?
True
Does 250 divide 7776500?
True
Is 152 a factor of 960792?
True
Is 83 a factor of 61644996?
False
Does 924 divide 13206575?
False
Is 1900 a factor of 48274875?
False
Is 188319862 a multiple of 3071?
True
Is 116163551 a multiple of 5?
False
Is 928 a factor of 38222835?
False
Does 1838 divide 147842411?
False
Is 3800 a factor of 2141683800?
True
Is 675528186 a multiple of 673?
False
Is 25 a factor of 108816125?
True
Does 3244 divide 237885764?
True
Does 27 divide 27727752?
False
Is 206 a factor of 816209663?
False
Is 1457218 a multiple of 2?
True
Is 9 a factor of 234879297?
False
Is 111526585 a multiple of 3964?
False
Is 162 a factor of 1032533730?
True
Is 217 a factor of 3210968900?
False
Is 1037 a factor of 22722744?
True
Does 20 divide 31623483?
False
Is 2 a factor of 766821?
False
Is 6197 a factor of 158458541?
False
Does 843 divide 225774467?
False
Does 17 divide 11696636?
False
Does 143 divide 6682104?
True
Is 1848170080 a multiple of 757?
True
Does 26 divide 11691945?
False
Is 57 a factor of 196069534?
False
Is 49902048 a multiple of 756?
True
Does 42 divide 83640228?
True
Is 38562462 a multiple of 8?
False
Is 3071055424 a multiple of 32?
True
Is 3990089694 a multiple of 8?
False
Is 149 a factor of 113529692?
False
Is 962025630 a multiple of 659?
False
Is 867306586 a multiple of 818?
True
Does 161 divide 34018313?
False
Is 13 a factor of 66363908?
True
Is 14 a factor of 214736816?
True
Is 1873813986 a multiple of 7194?
True
Is 122531393 a multiple of 17?
True
Is 194 a factor of 28224090?
True
Is 3588 a factor of 349444137?
False
Does 109 divide 56365753?
True
Is 17251516 a multiple of 7?
False
Is 297790590 a multiple of 30?
True
Is 410980058 a multiple of 16?
False
Does 5 divide 286715524?
False
Is 131 a factor of 162757855?
False
Does 470 divide 395088962?
False
Is 9304057 a multiple of 2?
False
Does 2 divide 93346611?
False
Does 210 divide 15892635?
False
Does 419 divide 1533613427?
False
Does 2607 divide 228617780?
False
Does 43 divide 1408929529?
True
Is 877 a factor of 656394050?
False
Is 136 a factor of 638118421?
False
Does 60 divide 393683040?
True
Does 225 divide 2508203250?
True
Is 397 a factor of 6405198?
True
Does 43 divide 38696942?
False
Is 86621514 a multiple of 777?
True
Does 3 divide 402834170?
False
Does 10 divide 25098836?
False
Is 120 a factor of 576240?
True
Does 162 divide 14780718?
True
Is 585361408 a multiple of 46?
True
Is 445 a factor of 66437585?
False
Is 17478548 a multiple of 956?
True
Is 99696066 a multiple of 1374?
True
Does 460 divide 147774567?
False
Is 222 a factor of 62301731?
False
Is 95 a factor of 15372900?
True
Is 20 a factor of 165055019?
False
Is 6 a factor of 48451368?
True
Is 22 a factor of 924023332?
False
Does 1593 divide 35546202?
True
Is 6208 a factor of 277721088?
True
Does 133 divide 4202749?
False
Does 107 divide 84139175?
False
Is 6919952 a multiple of 4?
True
Is 14 a factor of 68375037?
False
Is 51 a factor of 216294417?
True
Does 208 divide 221653766?
False
Is 1625809382 a multiple of 226?
False
Is 4748004 a multiple of 6?
True
Is 1596 a factor of 1149844584?
True
Does 33 divide 386290179?
True
Does 25 divide 36906850?
True
Is 302565692 a multiple of 3377?
True
Is 203 a factor of 1251495?
True
Is 430800273 a multiple of 1333?
True
Is 354422 a multiple of 218?
False
Is 1559 a factor of 320901620?
False
Is 95689572 a multiple of 1353?
True
Is 214 a factor of 57321821?
False
Is 32 a factor of 13051957?
False
Is 404350225 a multiple of 79?
False
Does 80 divide 7474480?
True
Does 1336 divide 735222581?
False
Is 17 a factor of 61974842?
False
Is 387509892 a multiple of 924?
True
Is 1364632368 a multiple of 528?
True
Does 1507 divide 56363299?
False
Is 122351250 a multiple of 8?
False
Does 38 divide 1168432281?
False
Does 115 divide 1575996186?
False
Does 2123 divide 135717155?
False
Is 7012 a factor of 85223848?
True
Is 3 a factor of 3666168?
True
Is 7 a factor of 69123768?
True
Is 87873481 a multiple of 244?
False
Is 59949108 a multiple of 4767?
False
Does 39 divide 61851607?
False
Is 113 a factor of 12324846?
False
Does 3464 divide 1357912248?
True
Is 736 a factor of 63697120?
True
Is 25 a factor of 4293225?
True
Does 6073 divide 301967244?
False
Does 88 divide 461440516?
False
Does 22 divide 780677766?
True
Is 39 a factor of 148426690?
False
Is 33 a factor of 307726287?
True
Is 5243 a factor of 3045407036?
True
Is 79 a factor of 79307626?
True
Does 5 divide 1229530?
True
Is 24 a factor of 7967136?
True
Is 8882 a factor of 1575114842?
False
Is 405 a factor of 48903885?
False
Is 43 a factor of 275600029?
True
Does 587 divide 21079583?
False
Is 4115 a factor of 103669195?
True
Is 4 a factor of 554018287?
False
Is 533723330 a multiple of 170?
True
Is 491455877 a multiple of 182?
False
Does 26 divide 23263369?
False
Does 93 divide 29138481?
True
Is 8986264 a multiple of 95?
False
Is 21 a factor of 1738837839?
False
Is 259378530 a multiple of 20?
False
Is 38536484 a multiple of 646?
True
Does 14 divide 23610202?
True
Is 94296079 a multiple of 197?
False
Does 226 divide 4518750?
False
Is 30 a factor of 28230934?
False
Is 10205 a factor of 2547800710?
True
Does 116 divide 91292?
True
Does 2 divide 109610452?
True
Is 22564113 a multiple of 39?
True
Is 14 a factor of 178335241?
False
Is 10072739 a multiple of 7?
False
Is 63 a factor of 428193016?
False
Is 611497679 a multiple of 162?
False
Does 303 divide 148044213?
False
Does 12 divide 8261964?
True
Is 1772 a factor of 103634199?
False
Is 174 a factor of 1005252810?
True
Is 270603 a multiple of 2?
False
Is 1684145 a multiple of 3?
False
Is 3338740 a multiple of 3442?
True
Is 698117691 a multiple of 12?
False
Is 2746 a factor of 93968120?
True
Does 40 divide 103500280?
True
Is 2354452241 a multiple of 26?
False
Does 74 divide 1877342340?
False
Does 164 divide 2111008?
True
Is 126 a factor of 7452457866?
True
Is 5446645 a multiple of 41?
True
Does 1363 divide 6996279?
True
Is 267950916 a multiple of 27?
True
Is 838079747 a multiple of 1719?
False
Is 1178261 a multiple of 106?
False
D